50?
-141
In base 7, what is 24 - 34300?
-34243
In base 4, what is -11 - -20332033?
20332022
In base 10, what is -439 - 1?
-440
In base 2, what is 110010000 - -110010?
111000010
In base 10, what is -571603 - 0?
-571603
In base 16, what is -185 - 8f?
-214
In base 16, what is -9 + -682?
-68b
In base 2, what is 101 - -10010101111111?
10010110000100
In base 11, what is -192 - -3087?
29a5
In base 7, what is -6240 + 66?
-6141
In base 12, what is -1114 + -170?
-1284
In base 9, what is -34 + 301?
256
In base 15, what is 1c - -119?
136
In base 8, what is 51 + 3323?
3374
In base 11, what is -370 + 2140?
1880
In base 14, what is 1 - 214c5?
-214c4
In base 16, what is 54 - -a7bb?
a80f
In base 3, what is -2120 + 10110002?
10100112
In base 7, what is -1 + 12202?
12201
In base 12, what is -8565 + -9?
-8572
In base 12, what is 64 + -a49?
-9a5
In base 2, what is -101101001100001 - 10000?
-101101001110001
In base 8, what is -1266720 + -1?
-1266721
In base 16, what is -22ea - -c?
-22de
In base 5, what is -30343304 - -41?
-30343213
In base 14, what is 0 + -ac0?
-ac0
In base 16, what is 5 + -d4560?
-d455b
In base 5, what is 34324 + 13?
34342
In base 4, what is -103313011111 + 2?
-103313011103
In base 3, what is 11 + 1000221111021?
1000221111102
In base 7, what is 22531500 + 3?
22531503
In base 12, what is 40b68b - -5?
40b694
In base 11, what is -3137 - 51?
-3188
In base 7, what is -333660 + 6?
-333651
In base 9, what is -8214 - -87?
-8116
In base 7, what is 4 - 532124?
-532120
In base 11, what is -343 + a6?
-248
In base 10, what is 54463 + -4?
54459
In base 3, what is -12 + -100102120221?
-100102121010
In base 15, what is -10c - b1?
-1bd
In base 3, what is 10000022001 - -21?
10000022022
In base 14, what is 29 + 962?
98b
In base 6, what is 144 - -14?
202
In base 2, what is 10111 - -1111000100?
1111011011
In base 11, what is -12736 + 11?
-12725
In base 11, what is -45284 - -4?
-45280
In base 3, what is -10 + 2021002010?
2021002000
In base 9, what is 226648 + -20?
226628
In base 5, what is 20 - 124103?
-124033
In base 9, what is 1645105 - 1?
1645104
In base 13, what is 127 - 53?
a4
In base 3, what is 12 - 122112010?
-122111221
In base 6, what is -31500 - -3?
-31453
In base 8, what is -5032 + -654?
-5706
In base 4, what is -12202 - 232201?
-311003
In base 16, what is 1abdb + -2?
1abd9
In base 11, what is -3510 - -11?
-34aa
In base 13, what is -598 - -10?
-588
In base 11, what is 34 + -14167?
-14133
In base 13, what is -14 + 8222c?
82218
In base 7, what is 3522 + 14?
3536
In base 7, what is -463 + 25?
-435
In base 6, what is 0 - 101400112?
-101400112
In base 5, what is -1314 + -2411?
-4230
In base 9, what is -20208 + 2?
-20206
In base 13, what is -2 - -1941c?
1941a
In base 4, what is 13331 - -1330201?
2010132
In base 10, what is 0 - -100691?
100691
In base 15, what is -3c0a03 - -2?
-3c0a01
In base 10, what is -15692 - 84?
-15776
In base 11, what is -3 + a598?
a595
In base 15, what is -d6e - -10?
-d5e
In base 4, what is -10232031 + -11?
-10232102
In base 12, what is 135 - -22a7?
2420
In base 3, what is 12 - 22121112?
-22121100
In base 7, what is -4421 - 60?
-4511
In base 7, what is -325101 + -14?
-325115
In base 4, what is 1312 + -22212?
-20300
In base 4, what is -3 + 20032020?
20032011
In base 9, what is -128 - -17670?
17541
In base 8, what is 10317356 - -1?
10317357
In base 2, what is 10101011001010010111 - 100?
10101011001010010011
In base 9, what is -18630 + -1?
-18631
In base 16, what is -5a0c + -5?
-5a11
In base 14, what is -17437a + -3?
-17437d
In base 10, what is -3 + -24923?
-24926
In base 9, what is 4 + 13830?
13834
In base 11, what is a5774 + -2?
a5772
In base 13, what is -ac5a + -76?
-b003
In base 16, what is -86837 + 2?
-86835
In base 14, what is -7 - -1263?
125a
In base 13, what is -3 + 1204?
1201
In base 10, what is -1668 - 29?
-1697
In base 10, what is 3 + -439664?
-439661
In base 13, what is 510a + 6?
5113
In base 16, what is 1ca - -b?
1d5
In base 3, what is -11000 + -12100200?
-12111200
In base 6, what is 1500 - 42224?
-40324
In base 5, what is 143 + 12304?
13002
In base 9, what is -10328 - -1148?
-8170
In base 13, what is 12921 + 4?
12925
In base 10, what is 3 - -25325?
25328
In base 6, what is 11230 - -1320?
12550
In base 6, what is 11525223 - 15?
11525204
In base 7, what is 1665612 + 4?
1665616
In base 14, what is -6abd8 + 1?
-6abd7
In base 10, what is -263 - 62?
-325
In base 10, what is 85 + 5432?
5517
In base 15, what is -144 + 86?
-ad
In base 2, what is 100101 + 101100001001?
101100101110
In base 8, what is 206721 + 24?
206745
In base 4, what is -12332323233 + -1?
-12332323300
In base 13, what is -64508 + -1?
-64509
In base 3, what is -1010100 - -101?
-1002222
In base 12, what is 48 - 8652?
-8606
In base 16, what is f5 - 51b?
-426
In base 4, what is 133031122 + -2?
133031120
In base 9, what is -77 - 347?
-435
In base 12, what is 33996b + 1?
339970
In base 14, what is 29d - -154?
413
In base 9, what is 60788 - -2?
60801
In base 16, what is b55 + -4?
b51
In base 12, what is -34 - 37?
-6b
In base 13, what is 5 + -a27a?
-a275
In base 5, what is 10 - -103310?
103320
In base 16, what is -3 - 75b1?
-75b4
In base 3, what is -110022001 - 10?
-110022011
In base 15, what is -b7 - -6a?
-4c
In base 10, what is 359 - 186?
173
In base 3, what is 1212021 - 111?
1211210
In base 7, what is -664144 + 0?
-664144
In base 14, what is 141cbc + -2?
141cba
In base 10, what is 1 + -58383?
-58382
In base 15, what is 0 + 7b63?
7b63
In base 14, what is 19a3 + -34?
196d
In base 8, what is -4 - 104637?
-104643
In base 15, what is -6 - -1c26?
1c20
In base 2, what is 0 + 11100110000010?
11100110000010
In base 5, what is -302231 + 24?
-302202
In base 11, what is 5 - 14a0?
-1496
In base 10, what is -1 + -41868?
-41869
In base 14, what is 7 - -7ab?
7b4
In base 15, what is 10 + b773?
b783
In base 2, what is -1000010111000000110100 - 0?
-1000010111000000110100
In base 9, what is 1 - 3503?
-3502
In base 10, what is 183652 - -12?
183664
In base 14, what is 4a3b - 2?
4a39
In base 15, what is -3 - 35e26?
-35e29
In base 8, what is -1304 + 600?
-504
In base 9, what is -321010 - 11?
-321021
In base 9, what is -26 + 26140?
26113
In base 7, what is 53 + -2415?
-2332
In base 7, what is 412 + 11?
423
In base 14, what is -92 - -449?
397
In base 2, what is 1011 - -110100000011?
110100001110
In base 9, what is -7 - 4726?
-4734
In base 5, what is 0 - 123300?
-123300
In base 16, what is -4 - -1ca4?
1ca0
In base 10, what is 37100 + -4?
37096
In base 13, what is 6c003b - 4?
6c0037
In base 4, what is -23 + 120001210?
120001121
In base 3, what is 1010 - 10001201?
-10000121
In base 10, what is 18930 + 5?
18935
In base 3, what is -1021211212 + 1101?
-1021210111
In base 13, what is -4 + 149c3?
149bc
In base 14, what is -608b - 3?
-6090
In base 4, what is 1 + -23212211?
-23212210
In base 8, what is 2665 - -14?
2701
In base 14, what is 5a034 + -5?
5a02d
In base 4, what is -222102312 - -3?
-222102303
In base 11, what is -8a - -140?
61
In base 7, what is 11 + -22065?
-22054
In base 4, what is 13 - 131300030?
-131300011
In base 8, what is 3 + -43167?
-43164
In base 9, what is 145 + -17382?
-17236
In base 9, what is -382458 + 4?
-382454
In base 11, what is -53633 - 3?
-53636
In base 10, what is 24094 + -8?
24086
In base 3, what is -112110221220 - 12?
-112110222002
In base 13, what is 202 + -3394?
-3192
In base 7, what is 16112 - -12?
16124
In base 5, what is -4 - -233131?
233122
In base 12, what is 12 - -1a85?
1a97
In base 12, what is 8 - 26b2?
-26a6
In base 6, what is -5 - -3422152?
3422143
In base 12, what is 19154 - -6?
1915a
In base 5, what is 10 + 234401231?
234401241
In base 2, what is -1011001001101 - -101?
-1011001001000
In base 12, what is 8a50 - -4?
8a54
In base 8, what is -25060 + 101?
-24757
In base 12, what is -8 - -85051?
85045
In base 9, what is 131 - -10776?
11017
In base 2, what is 10101000000 + -1100?
10100110100
In base 16, what is 0 - -ab625?
ab625
In base 16, what is 4e + 10e3?
1131
In base 10, what is -1877 - -125?
-1752
In base 6, what is -452153 + -5?
-452202
In base 16, what is 54e - -1f?
56d
In base 4, what is 3 - 11011310?
-11011301
In base 9, what is 1 + -720012?
-720011
In base 12, what is 8 - -41413?
4141b
In base 2, what is 1000100000000 + 11?
1000100000011
In base 7, what is -2